ose 0 = 7*o - 9*o - q. What is the remainder when 14 is divided by (160/(-30))/(o/6)?
6
Let m(f) = -f**2 - 12*f + 11. Let q be m(-8). Let x = 57 + -32. Let a = q - x. Calculate the remainder when a is divided by 8.
2
Let o = 98 - 63. What is the remainder when o is divided by ((-36)/28)/(111/(-1036))?
11
What is the remainder when 48 is divided by 3/(-6)*(-30 + 8)?
4
What is the remainder when ((-338)/8)/(-1)*4 is divided by 45?
34
Suppose 2*f - 3 = 3*f, -4*s + 2*f + 6 = 0. Suppose s = h + 2*h - 48. What is the remainder when 30 is divided by h?
14
Suppose 0 = -3*l - m - 7, 5*m = 3*l - 6 - 11. What is the remainder when (l - -44)/(6 + -5) is divided by -22*((-3)/(-6) + -1)?
10
Suppose -g = -2*g + 24. Suppose -1462*h + 1451*h + 143 = 0. What is the remainder when g is divided by h?
11
Let s = 1668 + -1546. Calculate the remainder when s is divided by 34.
20
What is the remainder when 4/(-30) - 16510/(-75) is divided by 14?
10
Let r be (32/(-6))/(4/(-42)). Suppose h - 5*z = 2, h + 4*z + r = 5*h. What is the remainder when h is divided by (-72)/(-7) + (-6)/21?
7
Suppose 5*n = -m + 4*m - 43, n + 17 = 2*m. Suppose -4*g + 73 = 9. What is the remainder when g is divided by m?
4
Suppose -5*a - 1140 = -5*i, 3*i - 9*a = -5*a + 683. What is the remainder when i is divided by 59?
52
Calculate the remainder when 1580/12 + 4/(-6) is divided by 23.
16
Let k be (-184)/3 + (-1)/(-3). Let n = 652 - 694. Let h = n - k. What is the remainder when h is divided by 11?
8
What is the remainder when (4/(-7))/((-22)/5159) is divided by 21?
8
Let o be (-4 + 3)*-5*1. Suppose o*j + 0*j - 20 = 0. Suppose 5*h - h - 52 = j*k, 38 = 2*h + 4*k. Calculate the remainder when h is divided by 6.
3
Suppose -2 = h + 3*b, 0 = 5*h - 3*h - 3*b + 31. Calculate the remainder when 62 is divided by (h/(33/(-102)))/(1 - -1).
11
Let m(y) = -y**2 - 5*y - 7. Let s(u) = 6*u**3 - 2*u - 1. Let c be s(-1). Let p be m(c). Let h = 18 + p. Calculate the remainder when 21 is divided by h.
10
Let k(s) = 4*s + 4 + 0 + 0 - 1 + s**2. Let v be k(-3). Let p(a) = 2*a + 7. Calculate the remainder when 25 is divided by p(v).
4
Suppose 60 = 15*i - 11*i. Suppose 4*b = 4*c, 2*c = -3*c - 2*b. Suppose u - 5 - 3 = c. What is the remainder when i is divided by u?
7
Suppose -148 = -7*b - 8. What is the remainder when 779 is divided by b?
19
Let h(d) = d**3 + 29*d**2 - 63*d + 22. What is the remainder when 157 is divided by h(-31)?
51
Suppose 0 = -18*z + 319 + 149. What is the remainder when 82 is divided by z?
4
Let c(i) = i**2 + 17*i - 22. Let v be c(-18). Let s be (v + (-20)/(-15))*3. Calculate the remainder when 10 is divided by 6/4 + (-44)/s.
3
Let t be ((-350)/(-56))/((-1)/20). Let l = -69 - t. What is the remainder when l is divided by 30?
26
Suppose 2*b - 136 = -0*b. Let m = -436 - -450. What is the remainder when b is divided by m?
12
Suppose 14*k - 13*k - 2 = 0. Suppose -3*u = -3*f - 336, -58 = -k*u - f + 163. Calculate the remainder when u is divided by 19.
16
Let o(d) = d**3 + 2*d**2 + 2. Let r = 14 - 11. Suppose -x + r = 0, -2*x = p - 3 - 6. Calculate the remainder when o(p) is divided by 12.
11
Suppose 3*i - 12 = 5*j + 85, -3*i + 77 = -j. Calculate the remainder when i is divided by 5.
4
Let p(x) = -25*x + 3. Let d be 35/(-10) - 6/(-4). Suppose 2*j - 60 = -3*j + 5*f, 2*j - f = 26. What is the remainder when p(d) is divided by j?
11
Suppose -c = 2*x - 3*c + 26, -4*x = 5*c + 43. Let a be x/4*4/(-3). Suppose -b = 1 - a. Calculate the remainder when 14 is divided by b.
2
Let c(i) = -3*i**2 - 19*i + 9. Let z = -14 + 71. What is the remainder when z is divided by c(-5)?
28
Let f = -174 + 211. What is the remainder when f is divided by 10?
7
Let d(x) = 2*x - 6. Let v be d(3). Suppose 0 = 2*l + a - 5, 2*l - 2*a + 4*a = v. Let q = l - 3. What is the remainder when 4 is divided by q?
0
Let s(u) = -u**2 - 6*u + 8. Let k be s(-8). Let p(o) = o**2 + 10*o + 4. Let d be p(k). Let q = -4 - d. What is the remainder when q is divided by 5?
3
Suppose 0 = 2*f + 3*a - 20, -4*f - a + 50 + 10 = 0. Calculate the remainder when 47 is divided by f.
15
Let v = -23 + 13. Let k = v - -61. Let o = -22 + k. Calculate the remainder when o is divided by 16.
13
Let j(y) = 8*y**2 + 3*y - 12. What is the remainder when j(2) is divided by 21?
5
Let o(t) = t + 4. Let j be o(-9). Let h = -12 - -2. Calculate the remainder when (-6)/h*(j - -30) is divided by 4.
3
Let y be (3/((-54)/(-12)))/(4/30). Suppose 0 = 4*s - o - 42, -y*s - 4*o + 22 = -2*s. What is the remainder when 31 is divided by s?
1
Let y be ((-18)/27)/(1/(-36)). Let l = -10 + y. Let s = 72 - 19. What is the remainder when s is divided by l?
11
Suppose -f + 2*w + 20 = 0, -5*f - 20 = -w - 120. Calculate the remainder when f is divided by 9.
2
Let v(n) = -2*n**2 + 4*n - 3. Let u be v(1). Let t(j) = -25*j**3 - j - 2. Calculate the remainder when t(u) is divided by 5.
4
Let k = -1260 - -1269. Calculate the remainder when 30 is divided by k.
3
Let k = -325 - -338. What is the remainder when 65 is divided by k?
0
Suppose 0 = 540*y - 551*y + 506. Calculate the remainder when y is divided by 42.
4
Let b(x) = x**3 + 14*x**2 - 25*x - 51. Let y = -64 + 34. Let a = -5 - y. What is the remainder when b(-15) is divided by a?
24
Let d = 54 + 7. Suppose -4*g + 84 = -a, -5*g - 5*a = -0*g - 105. What is the remainder when d is divided by g?
19
Let l be -1 - (-15)/(-9)*9. Let p = l - -22. What is the remainder when 18 is divided by p?
0
Let l = -45 + 68. Let v = -839 - -531. Let j = -219 - v. What is the remainder when j is divided by l?
20
Let n(r) = -r**2 - 30*r - 47. Suppose -2*b = k - b + 6, -4*k = -2*b. Let c = 26 + k. Calculate the remainder when c is divided by n(-2).
6
Let p = 5 + -3. Let z be 38/2 - (-8)/((-56)/21). What is the remainder when 11 is divided by 46/z + p/16?
2
Let i = 370 - 811. Let l = -269 - i. Suppose g + g = l. Calculate the remainder when g is divided by 22.
20
Suppose 0 = -4*l + 8*l - 4, 0 = -4*q + 3*l + 189. Suppose -4*u + 33 = 5. Calculate the remainder when q is divided by u.
6
Let y(j) = 3*j + 5. Let b be y(-1). Calculate the remainder when 1/b - 182/(-4) is divided by 27.
19
Let m(i) = 8*i + 123. What is the remainder when m(-8) is divided by 3?
2
Suppose -4*j - 16 = 3*q, 7 = -4*q + j - 8. Calculate the remainder when 29 is divided by (68/20)/(q/(-20)).
12
Let o = 13 + -9. What is the remainder when ((-2215)/(-60) - 29) + (-1)/(-12) is divided by o?
0
Let p = -1270 - -1372. Calculate the remainder when p is divided by 72.
30
Calculate the remainder when 1 - (-47 - 0/2) is divided by ((-48)/264 + 14/(-44))*-14.
6
Suppose -4*s = 2*p - 63 + 9, p + 3*s - 32 = 0. Calculate the remainder when 32 is divided by p.
15
Let y be (68/(-170))/((-2)/((-80)/(-2))). Let w(q) = 4*q + 3. Let r be w(-2). Let s = y - r. What is the remainder when 25 is divided by s?
12
Let l be (2 - 2)/(7 - 5). Suppose -2*v - t + 29 = -l*v, 3*t - 12 = -v. What is the remainder when 57 is divided by v?
12
Let i be (-45)/30 + 314/4. Suppose c - i = -5*j, -2*c - 4*j + 0*j = -148. What is the remainder when c is divided by 15?
12
Suppose -8 = 5*m - g - 0*g, 0 = -4*g - 8. Let t = 6 - m. Calculate the remainder when t is divided by 7.
1
Suppose -5*v - b - 80 = 0, -3*v - 5*b = -b + 48. Suppose -182 = -5*p + 3*o, 3*p = o + 32 + 74. Let u = p - v. Calculate the remainder when u is divided by 17.
16
Suppose 384 - 2043 = -21*q. What is the remainder when q is divided by 33?
13
Suppose -7*l - 21 = -42. What is the remainder when 4 is divided by l?
1
Let z(l) = l**2 + 16*l + 33. Let y be z(-15). Suppose 744 = y*r - 14*r. What is the remainder when r is divided by 47?
45
Suppose 6*t = t + 35. Let u be t - 11 - 2/1. Calculate the remainder when 25 is divided by (35/15)/((-1)/u).
11
Let q(k) = -k**3 - 5*k**2 + k + 7. Let g be (-3)/((-3)/156*-6). Let v = g - -21. Calculate the remainder when 9 is divided by q(v).
1
Let t(g) = -6*g**3 + 7*g + 11. What is the remainder when t(-3) is divided by 90?
62
Suppose -5*k + 14 + 203 = 2*w, 5*k - 220 = -5*w. Let v(c) = -c**2 - 32*c + 13. Calculate the remainder when v(-26) is divided by k.
40
Let k = -526 + 682. What is the remainder when k is divided by 16?
12
Let c(u) = -24*u + 90. What is the remainder when c(-4) is divided by 89?
8
Suppose -2*s + 340 = 4*g - 234, 3*s - g - 83